{"id":657,"date":"2011-01-01T15:20:02","date_gmt":"2011-01-01T12:20:02","guid":{"rendered":"http:\/\/wp1189977.wp214.webpack.hosteurope.de\/wp\/?page_id=657"},"modified":"2017-01-30T18:28:34","modified_gmt":"2017-01-30T15:28:34","slug":"mannergymnastik","status":"publish","type":"page","link":"http:\/\/wp1189977.server-he.de\/wp\/?page_id=657","title":{"rendered":"M\u00e4nnergymnastik"},"content":{"rendered":"<p>\u00dcbungsstunde:<\/p>\n<p>Jeden Mittwoch (au\u00dfer Schulferienzeiten) um 17 Uhr 45 in der Mehrzweckhalle, danach Stammtisch.<\/p>\n<p>\u00dcbungsleiterinnen: Heike und Rebekka Lober<\/p>\n<p>Leitung der Gruppe: Horst Kohmann<\/p>\n<p>&#8212;&#8212;&#8212;&#8212;&#8212;&#8212;&#8212;&#8212;&#8212;&#8212;&#8212;&#8212;&#8212;&#8212;&#8212;&#8212;&#8212;&#8212;&#8212;&#8212;&#8212;&#8212;&#8212;&#8212;&#8211;<\/p>\n<p><a href=\"http:\/\/wp1189977.server-he.de\/wp\/?page_id=69&amp;file=Maennergym2014\/ \">\u00a0Bilder vom Wanderausflug 2014 ins Fichtelgebirge sehen Sie hier (bitte anklicken)<\/a><\/p>\n<p>&#8212;&#8212;&#8212;&#8212;&#8212;&#8212;&#8212;&#8212;&#8212;&#8212;&#8212;&#8212;&#8212;&#8212;&#8212;&#8212;&#8212;&#8212;&#8212;&#8212;&#8212;&#8212;&#8212;&#8212;&#8212;<\/p>\n<p class=\"MsoNormal\"><strong>Aus einem Artikel im Reichenberger Mitteilungsblatt vom Januar 2014:<\/strong><\/p>\n<p class=\"MsoNormal\"><strong>15 Jahre M\u00e4nnergymnastikabteilung des TSV Uengershausen<\/strong><\/p>\n<p class=\"MsoNormal\">\u00a0Liebe Leser,<\/p>\n<p class=\"MsoNormal\">Mittlerweile ist es \u00fcber 15 Jahre her, dass sich einige in Ehren gereifte und teilweise ergraute Herren aus den Reihen des TSV Uengershausen zum Zweck der K\u00f6rperert\u00fcchtigung zu einer w\u00f6chentlich stattfindenden \u00dcbungsstunde zusammengefunden haben.<\/p>\n<p class=\"MsoNormal\" style=\"text-align: justify;\">Gr\u00fcnder war im Jahre 1998 Adolf Stock, der einige Altfu\u00dfballer um sich scharen konnte. Wichtig f\u00fcr solch ein Unterfangen ist nat\u00fcrlich die Person, die die Sportler zu ihren \u00dcbungen f\u00fchren und dabei anleiten muss. In unserem Falle ist dies, und ich habe mich extra noch mal r\u00fcckversichert, ohne Unterbrechung, unsere Renate Windl.<\/p>\n<p class=\"MsoNormal\" style=\"text-align: justify;\">Im Laufe der Jahre kamen weitere Kameraden hinzu und zur Zeit sind wir eine ganz sch\u00f6n gro\u00dfe Truppe.<\/p>\n<p class=\"MsoNormal\" style=\"text-align: justify;\">Im Fr\u00fchjahr schockierte uns die Nachricht, dass unser guter Sportkamerad Horst Stock, verursacht durch einen Unfall, viel zu fr\u00fch aus dieser Welt scheiden musste. Wir werden stets seiner Gedenken.<\/p>\n<p class=\"MsoNormal\" style=\"text-align: justify;\">Aus diesem Grund wurde einvernehmlich die zun\u00e4chst auf den Mai geplante Jubil\u00e4umsfeier auf den 11. Oktober verschoben. Zu dieser Gelegenheit hielt Adolf Stock eine R\u00fcckschau auf die vergangenen H\u00f6hepunkte und dankte vor allem Renate Windl f\u00fcr ihren Einsatz. Er verga\u00df auch deren Ehemann, den Otto Windl, nicht, der auch, wann immer es seine Zeit erlaubt, beim Turnen dabei ist.<\/p>\n<p class=\"MsoNormal\" style=\"text-align: justify;\">Anschlie\u00dfend hielt der Vorstand des TSV, Dr. Helmut R\u00f6sch, eine launige Rede in der er feststellte, dass die M\u00e4nnergymnastik mittlerweile die r\u00fchrigste Gruppe im Verein sei. Die Anwesenden dankten es ihm mit lautem Applaus.<\/p>\n<p class=\"MsoNormal\" style=\"text-align: justify;\">So eine M\u00e4nnergruppe lebt nat\u00fcrlich auch von Br\u00e4uchen. Einer davon ist, jedes Jahr gemeinsam mit den Partnerinnen zu einer mehrt\u00e4gigen Wanderung aufzubrechen. So auch in 2013. Da ging es nach Handthal. Keiner sollte glauben, dass da nur Gaudi gemacht wird, da werden im Gegenteil anspruchsvolle Routen begangen, die bereits Monate vorher von Adolf und Otto, ebenso wie die Quartiere, kritisch ausgesucht wurden. Abends kann es nat\u00fcrlich auch mal sp\u00e4ter werden\u2026<\/p>\n<p class=\"MsoNormal\" style=\"text-align: justify;\">Ein anderer guter Brauch ist der Stammtisch nach der Gymnastikstunde. Wenn wir ausgemergelt aus der Halle kommend in der Wirtschaft erscheinen, dann sind bereits die Diensthabenden Schankwirte bestens vorbereitet, ebenso ist das Essen innerhalb von 10 Minuten auf dem Tisch. An den fest zugewiesenen Pl\u00e4tzen werden dann die tagespolitischen Themen analysiert und diskutiert.<\/p>\n<p class=\"MsoNormal\" style=\"text-align: justify;\">\u00a0So kann es jetzt weitere 15 Jahre gehen, was wir uns alle w\u00fcnschen.<\/p>\n<p>&nbsp;<\/p>\n<p>&nbsp;<\/p>\n<p><strong>Aus einem Artikel im Reichenberger Mitteilungsblatt vom Sommer 2008:<\/strong><\/p>\n<p><strong>10 Jahre M\u00e4nnergymnastik<\/strong><\/p>\n<p>Auf vielfachen Wunsch gr\u00fcndete der damalige Vorsitzende des TSV Uengershausen, Reinhold Semmel, eine M\u00e4nnergymnastikgruppe. Als \u00dcbungsleiterin war die bereits in der Damengymnastik und im Kinderturnen in Uengershausen t\u00e4tige Renate Windl vorgesehen.<\/p>\n<p>Die Gruppe entwickelte siche unter der Leitung von Sportkamerad Adolf Stock rasch zu einem bemerkenswerten Aktivposten im Verein.<\/p>\n<p>Obwohl in der Gruppe selbstredend der sportlich-gymnastische Aspekt im Vordergrund steht, tragen eine Reihe weiterer Aktivit\u00e4ten zum Zusammenhalt und zur Kameradschaft bei: So wird jedes Jahr ein verl\u00e4ngertes Wochenende unter der F\u00fchrung von Otto Windl kr\u00e4ftig gewandert. Die Gruppe brachte es bisher auf 9 Wanderungen zwischen Rennsteig und Pf\u00e4lzer Wald.<\/p>\n<p>Ein j\u00e4hrliches Jagdh\u00fcttenfest im Revier von Sportkamerad Heinz B\u00f6hm\u00a0 geh\u00f6rt ebenfalls zum festen Bestandteil der Zusatzaktivit\u00e4ten.<\/p>\n<p>Ein Treffen der Gruppe, bei dem eine Nachlese auf die letzte Wanderung mit von Sportfreund Horst Kohmann vorgef\u00fchrten Fotos erfolgt und eine obligatorische Weihnachtsfeier geh\u00f6ren\u00a0 ebenfalls zum Jahresprogramm.<\/p>\n<p>Vergessen d\u00fcrfen auch hier die Nachsitzungen im Anschluss an jede Gymnastikstunde bei Bier und Brotzeit nicht werden. Dar\u00fcber hinaus werden in den Sommermonaten abendliche Fahrradtouren von einem Teil der Gruppe durchgef\u00fchrt.<\/p>\n<p>So war man allgemein erstaunt, als es zu Beginn dieses Jahres hie\u00df:\u00a0 &#8222;Die M\u00e4nnergymnastikgruppe des TSV Uengershausen wird 10 Jahre alt&#8220;.<\/p>\n<p>Am 28. M\u00e4rz trafen sich die Gymnastikm\u00e4nner mit ihren Partnerinnen in der Gastst\u00e4tte der Mehrzweckhalle und feierten dieses Ereignis geb\u00fchrend. \u00dcbungsleiterin Renate Windl, die die Gruppe nunmehr ebenfalls 10 Jahre betreut, wurde dabei besonders geehrt.<\/p>\n<p>&#8212;&#8212;&#8212;&#8212;&#8212;&#8212;&#8212;&#8212;&#8212;&#8212;&#8212;&#8212;&#8212;&#8212;&#8212;&#8212;&#8212;&#8212;&#8212;&#8212;&#8212;&#8212;&#8212;-<\/p>\n<p><a href=\"http:\/\/wp1189977.wp214.webpack.hosteurope.de\/wp\/?page_id=69&amp;file=Maennergymnastik\">Hier noch einige Bilder der Rh\u00f6nwanderung von 2010 (bitte anklicken)<\/a><\/p>\n<p><a href=\"http:\/\/wp1189977.server-he.de\/wp\/?page_id=69&amp;file=Maennergym2013\/ \">Hier einige Bilder von der Wanderung in Handthal 2013 (bitte anklicken)<\/a><\/p>\n","protected":false},"excerpt":{"rendered":"<p>\u00dcbungsstunde: Jeden Mittwoch (au\u00dfer Schulferienzeiten) um 17 Uhr 45 in der Mehrzweckhalle, danach Stammtisch. \u00dcbungsleiterinnen: Heike und Rebekka Lober Leitung der Gruppe: Horst Kohmann &#8212;&#8212;&#8212;&#8212;&#8212;&#8212;&#8212;&#8212;&#8212;&#8212;&#8212;&#8212;&#8212;&#8212;&#8212;&#8212;&#8212;&#8212;&#8212;&#8212;&#8212;&#8212;&#8212;&#8212;&#8211; \u00a0Bilder vom Wanderausflug 2014 ins Fichtelgebirge sehen Sie hier (bitte anklicken) &#8212;&#8212;&#8212;&#8212;&#8212;&#8212;&#8212;&#8212;&#8212;&#8212;&#8212;&#8212;&#8212;&#8212;&#8212;&#8212;&#8212;&#8212;&#8212;&#8212;&#8212;&#8212;&#8212;&#8212;&#8212; Aus einem Artikel &hellip; <a href=\"http:\/\/wp1189977.server-he.de\/wp\/?page_id=657\">Weiterlesen <span class=\"meta-nav\">&rarr;<\/span><\/a><\/p>\n","protected":false},"author":1,"featured_media":0,"parent":9,"menu_order":2,"comment_status":"closed","ping_status":"closed","template":"","meta":[],"_links":{"self":[{"href":"http:\/\/wp1189977.server-he.de\/wp\/index.php?rest_route=\/wp\/v2\/pages\/657"}],"collection":[{"href":"http:\/\/wp1189977.server-he.de\/wp\/index.php?rest_route=\/wp\/v2\/pages"}],"about":[{"href":"http:\/\/wp1189977.server-he.de\/wp\/index.php?rest_route=\/wp\/v2\/types\/page"}],"author":[{"embeddable":true,"href":"http:\/\/wp1189977.server-he.de\/wp\/index.php?rest_route=\/wp\/v2\/users\/1"}],"replies":[{"embeddable":true,"href":"http:\/\/wp1189977.server-he.de\/wp\/index.php?rest_route=%2Fwp%2Fv2%2Fcomments&post=657"}],"version-history":[{"count":13,"href":"http:\/\/wp1189977.server-he.de\/wp\/index.php?rest_route=\/wp\/v2\/pages\/657\/revisions"}],"predecessor-version":[{"id":659,"href":"http:\/\/wp1189977.server-he.de\/wp\/index.php?rest_route=\/wp\/v2\/pages\/657\/revisions\/659"}],"up":[{"embeddable":true,"href":"http:\/\/wp1189977.server-he.de\/wp\/index.php?rest_route=\/wp\/v2\/pages\/9"}],"wp:attachment":[{"href":"http:\/\/wp1189977.server-he.de\/wp\/index.php?rest_route=%2Fwp%2Fv2%2Fmedia&parent=657"}],"curies":[{"name":"wp","href":"https:\/\/api.w.org\/{rel}","templated":true}]}}

Männergymnastik

<p>Übungsstunde:</p>
<p>Jeden Mittwoch (außer Schulferienzeiten) um 17 Uhr 45 in der Mehrzweckhalle, danach Stammtisch.</p>
<p>Übungsleiterinnen: Heike und Rebekka Lober</p>
<p>Leitung der Gruppe: Horst Kohmann</p>
<p>&#8212;&#8212;&#8212;&#8212;&#8212;&#8212;&#8212;&#8212;&#8212;&#8212;&#8212;&#8212;&#8212;&#8212;&#8212;&#8212;&#8212;&#8212;&#8212;&#8212;&#8212;&#8212;&#8212;&#8212;&#8211;</p>
<p><a href="http://wp1189977.server-he.de/wp/?page_id=69&amp;file=Maennergym2014/ "> Bilder vom Wanderausflug 2014 ins Fichtelgebirge sehen Sie hier (bitte anklicken)</a></p>
<p>&#8212;&#8212;&#8212;&#8212;&#8212;&#8212;&#8212;&#8212;&#8212;&#8212;&#8212;&#8212;&#8212;&#8212;&#8212;&#8212;&#8212;&#8212;&#8212;&#8212;&#8212;&#8212;&#8212;&#8212;&#8212;</p>
<p class="MsoNormal"><strong>Aus einem Artikel im Reichenberger Mitteilungsblatt vom Januar 2014:</strong></p>
<p class="MsoNormal"><strong>15 Jahre Männergymnastikabteilung des TSV Uengershausen</strong></p>
<p class="MsoNormal"> Liebe Leser,</p>
<p class="MsoNormal">Mittlerweile ist es über 15 Jahre her, dass sich einige in Ehren gereifte und teilweise ergraute Herren aus den Reihen des TSV Uengershausen zum Zweck der Körperertüchtigung zu einer wöchentlich stattfindenden Übungsstunde zusammengefunden haben.</p>
<p class="MsoNormal" style="text-align: justify;">Gründer war im Jahre 1998 Adolf Stock, der einige Altfußballer um sich scharen konnte. Wichtig für solch ein Unterfangen ist natürlich die Person, die die Sportler zu ihren Übungen führen und dabei anleiten muss. In unserem Falle ist dies, und ich habe mich extra noch mal rückversichert, ohne Unterbrechung, unsere Renate Windl.</p>
<p class="MsoNormal" style="text-align: justify;">Im Laufe der Jahre kamen weitere Kameraden hinzu und zur Zeit sind wir eine ganz schön große Truppe.</p>
<p class="MsoNormal" style="text-align: justify;">Im Frühjahr schockierte uns die Nachricht, dass unser guter Sportkamerad Horst Stock, verursacht durch einen Unfall, viel zu früh aus dieser Welt scheiden musste. Wir werden stets seiner Gedenken.</p>
<p class="MsoNormal" style="text-align: justify;">Aus diesem Grund wurde einvernehmlich die zunächst auf den Mai geplante Jubiläumsfeier auf den 11. Oktober verschoben. Zu dieser Gelegenheit hielt Adolf Stock eine Rückschau auf die vergangenen Höhepunkte und dankte vor allem Renate Windl für ihren Einsatz. Er vergaß auch deren Ehemann, den Otto Windl, nicht, der auch, wann immer es seine Zeit erlaubt, beim Turnen dabei ist.</p>
<p class="MsoNormal" style="text-align: justify;">Anschließend hielt der Vorstand des TSV, Dr. Helmut Rösch, eine launige Rede in der er feststellte, dass die Männergymnastik mittlerweile die rührigste Gruppe im Verein sei. Die Anwesenden dankten es ihm mit lautem Applaus.</p>
<p class="MsoNormal" style="text-align: justify;">So eine Männergruppe lebt natürlich auch von Bräuchen. Einer davon ist, jedes Jahr gemeinsam mit den Partnerinnen zu einer mehrtägigen Wanderung aufzubrechen. So auch in 2013. Da ging es nach Handthal. Keiner sollte glauben, dass da nur Gaudi gemacht wird, da werden im Gegenteil anspruchsvolle Routen begangen, die bereits Monate vorher von Adolf und Otto, ebenso wie die Quartiere, kritisch ausgesucht wurden. Abends kann es natürlich auch mal später werden…</p>
<p class="MsoNormal" style="text-align: justify;">Ein anderer guter Brauch ist der Stammtisch nach der Gymnastikstunde. Wenn wir ausgemergelt aus der Halle kommend in der Wirtschaft erscheinen, dann sind bereits die Diensthabenden Schankwirte bestens vorbereitet, ebenso ist das Essen innerhalb von 10 Minuten auf dem Tisch. An den fest zugewiesenen Plätzen werden dann die tagespolitischen Themen analysiert und diskutiert.</p>
<p class="MsoNormal" style="text-align: justify;"> So kann es jetzt weitere 15 Jahre gehen, was wir uns alle wünschen.</p>
<p>&nbsp;</p>
<p>&nbsp;</p>
<p><strong>Aus einem Artikel im Reichenberger Mitteilungsblatt vom Sommer 2008:</strong></p>
<p><strong>10 Jahre Männergymnastik</strong></p>
<p>Auf vielfachen Wunsch gründete der damalige Vorsitzende des TSV Uengershausen, Reinhold Semmel, eine Männergymnastikgruppe. Als Übungsleiterin war die bereits in der Damengymnastik und im Kinderturnen in Uengershausen tätige Renate Windl vorgesehen.</p>
<p>Die Gruppe entwickelte siche unter der Leitung von Sportkamerad Adolf Stock rasch zu einem bemerkenswerten Aktivposten im Verein.</p>
<p>Obwohl in der Gruppe selbstredend der sportlich-gymnastische Aspekt im Vordergrund steht, tragen eine Reihe weiterer Aktivitäten zum Zusammenhalt und zur Kameradschaft bei: So wird jedes Jahr ein verlängertes Wochenende unter der Führung von Otto Windl kräftig gewandert. Die Gruppe brachte es bisher auf 9 Wanderungen zwischen Rennsteig und Pfälzer Wald.</p>
<p>Ein jährliches Jagdhüttenfest im Revier von Sportkamerad Heinz Böhm  gehört ebenfalls zum festen Bestandteil der Zusatzaktivitäten.</p>
<p>Ein Treffen der Gruppe, bei dem eine Nachlese auf die letzte Wanderung mit von Sportfreund Horst Kohmann vorgeführten Fotos erfolgt und eine obligatorische Weihnachtsfeier gehören  ebenfalls zum Jahresprogramm.</p>
<p>Vergessen dürfen auch hier die Nachsitzungen im Anschluss an jede Gymnastikstunde bei Bier und Brotzeit nicht werden. Darüber hinaus werden in den Sommermonaten abendliche Fahrradtouren von einem Teil der Gruppe durchgeführt.</p>
<p>So war man allgemein erstaunt, als es zu Beginn dieses Jahres hieß:  &#8222;Die Männergymnastikgruppe des TSV Uengershausen wird 10 Jahre alt&#8220;.</p>
<p>Am 28. März trafen sich die Gymnastikmänner mit ihren Partnerinnen in der Gaststätte der Mehrzweckhalle und feierten dieses Ereignis gebührend. Übungsleiterin Renate Windl, die die Gruppe nunmehr ebenfalls 10 Jahre betreut, wurde dabei besonders geehrt.</p>
<p>&#8212;&#8212;&#8212;&#8212;&#8212;&#8212;&#8212;&#8212;&#8212;&#8212;&#8212;&#8212;&#8212;&#8212;&#8212;&#8212;&#8212;&#8212;&#8212;&#8212;&#8212;&#8212;&#8212;-</p>
<p><a href="http://wp1189977.wp214.webpack.hosteurope.de/wp/?page_id=69&amp;file=Maennergymnastik">Hier noch einige Bilder der Rhönwanderung von 2010 (bitte anklicken)</a></p>
<p><a href="http://wp1189977.server-he.de/wp/?page_id=69&amp;file=Maennergym2013/ ">Hier einige Bilder von der Wanderung in Handthal 2013 (bitte anklicken)</a></p>

<p>Übungsstunde: Jeden Mittwoch (außer Schulferienzeiten) um 17 Uhr 45 in der Mehrzweckhalle, danach Stammtisch. Übungsleiterinnen: Heike und Rebekka Lober Leitung der Gruppe: Horst Kohmann &#8212;&#8212;&#8212;&#8212;&#8212;&#8212;&#8212;&#8212;&#8212;&#8212;&#8212;&#8212;&#8212;&#8212;&#8212;&#8212;&#8212;&#8212;&#8212;&#8212;&#8212;&#8212;&#8212;&#8212;&#8211;  Bilder vom Wanderausflug 2014 ins Fichtelgebirge sehen Sie hier (bitte anklicken) &#8212;&#8212;&#8212;&#8212;&#8212;&#8212;&#8212;&#8212;&#8212;&#8212;&#8212;&#8212;&#8212;&#8212;&#8212;&#8212;&#8212;&#8212;&#8212;&#8212;&#8212;&#8212;&#8212;&#8212;&#8212; Aus einem Artikel &hellip; <a href="http://wp1189977.server-he.de/wp/?page_id=657">Weiterlesen <span class="meta-nav">&rarr;</span></a></p>
