{"id":2342,"date":"2015-02-03T23:16:49","date_gmt":"2015-02-03T20:16:49","guid":{"rendered":"http:\/\/wp1189977.server-he.de\/wp\/?page_id=2342"},"modified":"2024-06-27T22:15:29","modified_gmt":"2024-06-27T20:15:29","slug":"archiv","status":"publish","type":"page","link":"http:\/\/wp1189977.server-he.de\/wp\/?page_id=2342","title":{"rendered":"Archiv"},"content":{"rendered":"<ul>\n<li><a href=\"http:\/\/wp1189977.server-he.de\/wp\/?p=4959\">B\u00fcrgermedaille in Silber f\u00fcr Hans Bruder 30.04.2024<\/a><\/li>\n<\/ul>\n<ul>\n<li><a href=\"http:\/\/wp1189977.server-he.de\/wp\/?p=4868\">Feuerzauber 13.01.2024<\/a><\/li>\n<\/ul>\n<ul>\n<li><a href=\"http:\/\/wp1189977.server-he.de\/wp\/?p=4871\">Adventsfenster 10.12.2023<\/a><\/li>\n<\/ul>\n<ul>\n<li><a href=\"http:\/\/wp1189977.server-he.de\/wp\/?p=4681\">Leistungsabzeichen 10.11.2023<\/a><\/li>\n<\/ul>\n<ul>\n<li>\u00a0<a href=\"http:\/\/wp1189977.server-he.de\/wp\/?p=4634\">Verabschiedung Hans Bruder 07.07.2023<\/a><\/li>\n<\/ul>\n<ul>\n<li>\n<h4><a href=\"http:\/\/wp1189977.server-he.de\/wp\/?p=4401\">Uengershauser Feuerzauber\u00a0 14.01.2023<\/a><\/h4>\n<\/li>\n<\/ul>\n<ul>\n<li>\n<h4><a href=\"http:\/\/wp1189977.server-he.de\/wp\/?p=4119\">Ortsinterne \u00dcbung 10.07.2021<\/a><\/h4>\n<\/li>\n<\/ul>\n<ul>\n<li>\n<h4><a href=\"http:\/\/wp1189977.server-he.de\/wp\/?p=4086\">Uengersh\u00e4user Feuerzauber 18.01.2020<\/a><\/h4>\n<\/li>\n<\/ul>\n<ul>\n<li>\n<h4><a href=\"http:\/\/wp1189977.server-he.de\/wp\/?p=4012\">Dorffest 30.06.2019<\/a><\/h4>\n<\/li>\n<\/ul>\n<ul>\n<li>\n<h4><a href=\"http:\/\/wp1189977.server-he.de\/wp\/?p=3699\">Leistungsabzeichen 31.10.2018<\/a><\/h4>\n<\/li>\n<\/ul>\n<h4><\/h4>\n<ul>\n<li>\n<h4><a href=\"http:\/\/wp1189977.server-he.de\/wp\/?p=3890\">Atemschutzger\u00e4tetr\u00e4gerlehrgang 27.08.2018<\/a><\/h4>\n<\/li>\n<\/ul>\n<ul>\n<li>\n<h4><a href=\"http:\/\/wp1189977.server-he.de\/wp\/?p=3739\">FFW Ausflug nach Vogling 22.06.2018 bis 24.06.2018<\/a><\/h4>\n<\/li>\n<\/ul>\n<ul>\n<li>\n<h4><a title=\"Tag der offenen T\u00fcr 20.05.2018\" href=\"http:\/\/wp1189977.server-he.de\/wp\/?p=3642\">Tag der offenen T\u00fcr 20.05.2018<\/a><\/h4>\n<\/li>\n<\/ul>\n<ul>\n<li>\n<h4><a title=\"Tag der offenen T\u00fcr 04.06.2017\" href=\"http:\/\/wp1189977.server-he.de\/wp\/?p=3357\">Tag der offenen T\u00fcr und Fahrzeugweihe TSF-W 04.06.2017<\/a><\/h4>\n<\/li>\n<\/ul>\n<ul>\n<li>\n<h4><a title=\"Fahrzeugweihe Billingshausen 21.05.2017\" href=\"http:\/\/wp1189977.server-he.de\/wp\/?p=3469\">Fahrzeugweihe in Billingshausen 21.05.2017<\/a><\/h4>\n<\/li>\n<\/ul>\n<ul>\n<li>\n<h4><a title=\"Neues Einsatzfahrzeug f\u00fcr die FFW \u2013 19.\/20.12.2016\" href=\"http:\/\/wp1189977.server-he.de\/wp\/?p=3297\">Abholung neues TSF-W in G\u00f6rlitz 19.\/20.12.2016<\/a><\/h4>\n<\/li>\n<\/ul>\n<ul>\n<li>\n<h4><a title=\"Leistungsabzeichen am 18.11.2016 und 02.12.2016\" href=\"http:\/\/wp1189977.server-he.de\/wp\/?p=3247\">Leistungsabzeichen 18.11.2016 und 03.12.2016<\/a><\/h4>\n<\/li>\n<\/ul>\n<ul>\n<li>\n<h4><a title=\"Feuerwehr unter neuer F\u00fchrung 15.01.2016\" href=\"http:\/\/wp1189977.server-he.de\/wp\/?p=4964\">Feuerwehr unter neuer F\u00fchrung 15.01.2016<\/a><\/h4>\n<\/li>\n<\/ul>\n<ul>\n<li>\n<h4><a title=\"130 Jahre FFW Uengershausen\" href=\"http:\/\/wp1189977.server-he.de\/wp\/?p=2668\">130 Jahre FFW Uengershausen 23.05.2015 bis 24.05.2015<\/a><\/h4>\n<\/li>\n<\/ul>\n<ul>\n<li>\n<h4><a title=\"Leistungsabzeichen am 15.11.2014\" href=\"http:\/\/wp1189977.server-he.de\/wp\/?p=2339\">Leistungsabzeichen 15.11.2014<\/a><\/h4>\n<\/li>\n<\/ul>\n<ul>\n<li>\n<h4><a title=\"Tagesausflug in die Fr\u00e4nkische Schweiz am 13.09.2014\" href=\"http:\/\/wp1189977.server-he.de\/wp\/?p=2345\">FFW-Fahrt in die Fr\u00e4nkische Schweiz 13.09.2014<\/a><\/h4>\n<\/li>\n<\/ul>\n<ul>\n<li>\n<h4><a title=\"Tag der offenen T\u00fcr am 08.06.2014\" href=\"http:\/\/wp1189977.server-he.de\/wp\/?p=2348\">Tag der offenen T\u00fcr 08.06.2014<\/a><\/h4>\n<\/li>\n<\/ul>\n","protected":false},"excerpt":{"rendered":"<p>B\u00fcrgermedaille in Silber f\u00fcr Hans Bruder 30.04.2024 Feuerzauber 13.01.2024 Adventsfenster 10.12.2023 Leistungsabzeichen 10.11.2023 \u00a0Verabschiedung Hans Bruder 07.07.2023 Uengershauser Feuerzauber\u00a0 14.01.2023 Ortsinterne \u00dcbung 10.07.2021 Uengersh\u00e4user Feuerzauber 18.01.2020 Dorffest 30.06.2019 Leistungsabzeichen 31.10.2018 Atemschutzger\u00e4tetr\u00e4gerlehrgang 27.08.2018 FFW Ausflug nach Vogling 22.06.2018 bis 24.06.2018 Tag &hellip; <a href=\"http:\/\/wp1189977.server-he.de\/wp\/?page_id=2342\">Weiterlesen <span class=\"meta-nav\">&rarr;<\/span><\/a><\/p>\n","protected":false},"author":8,"featured_media":3498,"parent":85,"menu_order":0,"comment_status":"closed","ping_status":"closed","template":"","meta":[],"_links":{"self":[{"href":"http:\/\/wp1189977.server-he.de\/wp\/index.php?rest_route=\/wp\/v2\/pages\/2342"}],"collection":[{"href":"http:\/\/wp1189977.server-he.de\/wp\/index.php?rest_route=\/wp\/v2\/pages"}],"about":[{"href":"http:\/\/wp1189977.server-he.de\/wp\/index.php?rest_route=\/wp\/v2\/types\/page"}],"author":[{"embeddable":true,"href":"http:\/\/wp1189977.server-he.de\/wp\/index.php?rest_route=\/wp\/v2\/users\/8"}],"replies":[{"embeddable":true,"href":"http:\/\/wp1189977.server-he.de\/wp\/index.php?rest_route=%2Fwp%2Fv2%2Fcomments&post=2342"}],"version-history":[{"count":44,"href":"http:\/\/wp1189977.server-he.de\/wp\/index.php?rest_route=\/wp\/v2\/pages\/2342\/revisions"}],"predecessor-version":[{"id":4967,"href":"http:\/\/wp1189977.server-he.de\/wp\/index.php?rest_route=\/wp\/v2\/pages\/2342\/revisions\/4967"}],"up":[{"embeddable":true,"href":"http:\/\/wp1189977.server-he.de\/wp\/index.php?rest_route=\/wp\/v2\/pages\/85"}],"wp:featuredmedia":[{"embeddable":true,"href":"http:\/\/wp1189977.server-he.de\/wp\/index.php?rest_route=\/wp\/v2\/media\/3498"}],"wp:attachment":[{"href":"http:\/\/wp1189977.server-he.de\/wp\/index.php?rest_route=%2Fwp%2Fv2%2Fmedia&parent=2342"}],"curies":[{"name":"wp","href":"https:\/\/api.w.org\/{rel}","templated":true}]}}

<ul>
<li><a href="http://wp1189977.server-he.de/wp/?p=4959">Bürgermedaille in Silber für Hans Bruder 30.04.2024</a></li>
</ul>
<ul>
<li><a href="http://wp1189977.server-he.de/wp/?p=4868">Feuerzauber 13.01.2024</a></li>
</ul>
<ul>
<li><a href="http://wp1189977.server-he.de/wp/?p=4871">Adventsfenster 10.12.2023</a></li>
</ul>
<ul>
<li><a href="http://wp1189977.server-he.de/wp/?p=4681">Leistungsabzeichen 10.11.2023</a></li>
</ul>
<ul>
<li> <a href="http://wp1189977.server-he.de/wp/?p=4634">Verabschiedung Hans Bruder 07.07.2023</a></li>
</ul>
<ul>
<li>
<h4><a href="http://wp1189977.server-he.de/wp/?p=4401">Uengershauser Feuerzauber  14.01.2023</a></h4>
</li>
</ul>
<ul>
<li>
<h4><a href="http://wp1189977.server-he.de/wp/?p=4119">Ortsinterne Übung 10.07.2021</a></h4>
</li>
</ul>
<ul>
<li>
<h4><a href="http://wp1189977.server-he.de/wp/?p=4086">Uengershäuser Feuerzauber 18.01.2020</a></h4>
</li>
</ul>
<ul>
<li>
<h4><a href="http://wp1189977.server-he.de/wp/?p=4012">Dorffest 30.06.2019</a></h4>
</li>
</ul>
<ul>
<li>
<h4><a href="http://wp1189977.server-he.de/wp/?p=3699">Leistungsabzeichen 31.10.2018</a></h4>
</li>
</ul>
<h4></h4>
<ul>
<li>
<h4><a href="http://wp1189977.server-he.de/wp/?p=3890">Atemschutzgeräteträgerlehrgang 27.08.2018</a></h4>
</li>
</ul>
<ul>
<li>
<h4><a href="http://wp1189977.server-he.de/wp/?p=3739">FFW Ausflug nach Vogling 22.06.2018 bis 24.06.2018</a></h4>
</li>
</ul>
<ul>
<li>
<h4><a title="Tag der offenen Tür 20.05.2018" href="http://wp1189977.server-he.de/wp/?p=3642">Tag der offenen Tür 20.05.2018</a></h4>
</li>
</ul>
<ul>
<li>
<h4><a title="Tag der offenen Tür 04.06.2017" href="http://wp1189977.server-he.de/wp/?p=3357">Tag der offenen Tür und Fahrzeugweihe TSF-W 04.06.2017</a></h4>
</li>
</ul>
<ul>
<li>
<h4><a title="Fahrzeugweihe Billingshausen 21.05.2017" href="http://wp1189977.server-he.de/wp/?p=3469">Fahrzeugweihe in Billingshausen 21.05.2017</a></h4>
</li>
</ul>
<ul>
<li>
<h4><a title="Neues Einsatzfahrzeug für die FFW – 19./20.12.2016" href="http://wp1189977.server-he.de/wp/?p=3297">Abholung neues TSF-W in Görlitz 19./20.12.2016</a></h4>
</li>
</ul>
<ul>
<li>
<h4><a title="Leistungsabzeichen am 18.11.2016 und 02.12.2016" href="http://wp1189977.server-he.de/wp/?p=3247">Leistungsabzeichen 18.11.2016 und 03.12.2016</a></h4>
</li>
</ul>
<ul>
<li>
<h4><a title="Feuerwehr unter neuer Führung 15.01.2016" href="http://wp1189977.server-he.de/wp/?p=4964">Feuerwehr unter neuer Führung 15.01.2016</a></h4>
</li>
</ul>
<ul>
<li>
<h4><a title="130 Jahre FFW Uengershausen" href="http://wp1189977.server-he.de/wp/?p=2668">130 Jahre FFW Uengershausen 23.05.2015 bis 24.05.2015</a></h4>
</li>
</ul>
<ul>
<li>
<h4><a title="Leistungsabzeichen am 15.11.2014" href="http://wp1189977.server-he.de/wp/?p=2339">Leistungsabzeichen 15.11.2014</a></h4>
</li>
</ul>
<ul>
<li>
<h4><a title="Tagesausflug in die Fränkische Schweiz am 13.09.2014" href="http://wp1189977.server-he.de/wp/?p=2345">FFW-Fahrt in die Fränkische Schweiz 13.09.2014</a></h4>
</li>
</ul>
<ul>
<li>
<h4><a title="Tag der offenen Tür am 08.06.2014" href="http://wp1189977.server-he.de/wp/?p=2348">Tag der offenen Tür 08.06.2014</a></h4>
</li>
</ul>

<p>Bürgermedaille in Silber für Hans Bruder 30.04.2024 Feuerzauber 13.01.2024 Adventsfenster 10.12.2023 Leistungsabzeichen 10.11.2023  Verabschiedung Hans Bruder 07.07.2023 Uengershauser Feuerzauber  14.01.2023 Ortsinterne Übung 10.07.2021 Uengershäuser Feuerzauber 18.01.2020 Dorffest 30.06.2019 Leistungsabzeichen 31.10.2018 Atemschutzgeräteträgerlehrgang 27.08.2018 FFW Ausflug nach Vogling 22.06.2018 bis 24.06.2018 Tag &hellip; <a href="http://wp1189977.server-he.de/wp/?page_id=2342">Weiterlesen <span class="meta-nav">&rarr;</span></a></p>
