{"id":1363,"date":"2013-03-26T18:32:47","date_gmt":"2013-03-26T15:32:47","guid":{"rendered":"http:\/\/wp1189977.wp214.webpack.hosteurope.de\/wp\/?page_id=1363"},"modified":"2024-01-17T10:12:36","modified_gmt":"2024-01-17T09:12:36","slug":"dorfladen","status":"publish","type":"page","link":"http:\/\/wp1189977.server-he.de\/wp\/?page_id=1363","title":{"rendered":"Dorfladen"},"content":{"rendered":"<h1><span style=\"color: #008000;\"><strong>Willkommen im Dorfladen!<\/strong><\/span><\/h1>\n<p><strong>Bitte beachten Sie:<\/strong><\/p>\n<p><span style=\"color: #ff0000;\"><strong>Wegen der knappen Personaldecke bleibt der Dorfladen Mittwoch Nachmittags geschlossen.<\/strong><\/span><\/p>\n<p><a href=\"http:\/\/wp1189977.server-he.de\/wp\/wp-content\/uploads\/2020\/05\/20200427_112235.jpg\"><img decoding=\"async\" loading=\"lazy\" class=\"aligncenter size-medium wp-image-4061\" src=\"http:\/\/wp1189977.server-he.de\/wp\/wp-content\/uploads\/2020\/05\/20200427_112235-300x225.jpg\" alt=\"\" width=\"300\" height=\"225\" srcset=\"http:\/\/wp1189977.server-he.de\/wp\/wp-content\/uploads\/2020\/05\/20200427_112235-300x225.jpg 300w, http:\/\/wp1189977.server-he.de\/wp\/wp-content\/uploads\/2020\/05\/20200427_112235-768x576.jpg 768w, http:\/\/wp1189977.server-he.de\/wp\/wp-content\/uploads\/2020\/05\/20200427_112235.jpg 1024w\" sizes=\"(max-width: 300px) 100vw, 300px\" \/><\/a> <strong>Wichtige Ereignisse:<\/strong><\/p>\n<p><strong>Seit Herbst 2023<\/strong> wird das Gem\u00fcseregal von <a href=\"https:\/\/schraud-und-baunach.de\/#\">Schraud &amp; Baunach<\/a>, W\u00fcrzburg, beliefert<\/p>\n<p><strong>Seit dem Fr\u00fchsommer 2022<\/strong> beziehen wir feinste Fischprodukte (Forellen und Lachsforellen) von der <a href=\"http:\/\/www.hagenmuehle-willanzheim.de\/\">Hagenm\u00fchle aus Willanzheim<\/a><\/p>\n<p><strong>Seit Fr\u00fchjahr 2022<\/strong> liefert <a href=\"http:\/\/kaese-hammer.de\/\">K\u00e4se Hammer aus Randersacker<\/a> hochwertige K\u00e4sesorten f\u00fcr die neue K\u00e4setheke<\/p>\n<h2>Seit 1. Dezember 2016 liefert <a href=\"http:\/\/baecker-roth.de\/\" target=\"_blank\" rel=\"noopener\">B\u00e4cker Roth aus Heidingsfeld <\/a>die Backwaren<\/h2>\n<h2><\/h2>\n<p>Alle unsere Lieferanten nehmen f\u00fcr sich als ein wichtiges Qualit\u00e4tsmerkmal die Regionalit\u00e4t in Anspruch. Bitte lesen Sie auch die sehr interessanten Informationen auf den Seiten der oben genannten Firmen. Sie werden staunen.<\/p>\n<p><strong>Unten unser Gem\u00fcseregal<\/strong><\/p>\n<p><a href=\"http:\/\/wp1189977.server-he.de\/wp\/wp-content\/uploads\/2013\/03\/P6141770.jpg\"><img decoding=\"async\" loading=\"lazy\" class=\"alignleft size-medium wp-image-1843\" title=\"OLYMPUS DIGITAL CAMERA\" src=\"http:\/\/wp1189977.server-he.de\/wp\/wp-content\/uploads\/2013\/03\/P6141770-300x169.jpg\" alt=\"\" width=\"300\" height=\"169\" srcset=\"http:\/\/wp1189977.server-he.de\/wp\/wp-content\/uploads\/2013\/03\/P6141770-300x169.jpg 300w, http:\/\/wp1189977.server-he.de\/wp\/wp-content\/uploads\/2013\/03\/P6141770-1024x577.jpg 1024w\" sizes=\"(max-width: 300px) 100vw, 300px\" \/><\/a><\/p>\n<p><strong>Unsere gem\u00fctliche Kaffee-Ecke, l\u00e4ngst ein Treffpunkt im Dorf!<\/strong><\/p>\n<p><a href=\"http:\/\/wp1189977.server-he.de\/wp\/wp-content\/uploads\/2013\/03\/P3121520.jpg\"><img decoding=\"async\" loading=\"lazy\" class=\"alignleft size-medium wp-image-1518\" title=\"OLYMPUS DIGITAL CAMERA\" src=\"http:\/\/wp1189977.server-he.de\/wp\/wp-content\/uploads\/2013\/03\/P3121520-300x169.jpg\" alt=\"\" width=\"300\" height=\"169\" srcset=\"http:\/\/wp1189977.server-he.de\/wp\/wp-content\/uploads\/2013\/03\/P3121520-300x169.jpg 300w, http:\/\/wp1189977.server-he.de\/wp\/wp-content\/uploads\/2013\/03\/P3121520-1024x577.jpg 1024w\" sizes=\"(max-width: 300px) 100vw, 300px\" \/><\/a><\/p>\n<p>Auf dieser Seite werden Sie mit aktuellen Infos wie Produkt-Neuzug\u00e4nge, Sonderangebote u. \u00e4. versorgt. Wenn Sie W\u00fcnsche\/Anregungen haben, z. B. welche Produkte Sie gerne h\u00e4tten oder was wir verbessern k\u00f6nnten, k\u00f6nnen Sie uns auch per email erreichen: mail@dorfladen-uengershausen.de\u00a0\u00a0\u00a0\u00a0\u00a0\u00a0\u00a0\u00a0\u00a0\u00a0\u00a0\u00a0\u00a0\u00a0\u00a0\u00a0\u00a0\u00a0\u00a0\u00a0 Telefon: 09366 9828565<\/p>\n<p><strong>Hier unsere aktuellen Laden\u00f6ffnungszeiten:<\/strong><\/p>\n<p>Montag bis Freitag 7 Uhr bis 12 Uhr 30<\/p>\n<p>Dienstag, Donnerstag und Freitag 15 Uhr bis 18 Uhr<\/p>\n<p>Samstag 7 Uhr bis 12 Uhr<\/p>\n<p><strong>Hei\u00dfe Theke:<\/strong><\/p>\n<p>Dienstag, ab 11 Uhr Bratenbr\u00f6tchen<\/p>\n<p>Mittwoch, ab 9 Uhr Leberk\u00e4sweck (LKW)<\/p>\n<p><a href=\"http:\/\/wp1189977.server-he.de\/wp\/?page_id=1407\" target=\"_blank\" rel=\"noopener\">Zum Nachlesen der Entstehungsgeschichte des Dorfladens bitte hier anklicken<\/a><\/p>\n<p><strong>20. und 21. Juli 2018: 5 Jahre Dorfladen Uengershausen<\/strong><\/p>\n<p><a href=\"http:\/\/wp1189977.server-he.de\/wp\/?page_id=69&amp;file=5_Jahre_Dorfladen\/\" target=\"_blank\" rel=\"noopener\">Bilder der Feierlichkeiten<\/a><\/p>\n<p><strong>Februar 2018:<\/strong> Die Bauma\u00dfnahme zur Sanierung des Dorfladengeb\u00e4udes n\u00e4hert sich im Au\u00dfenbereich der erfolgreichen Fertigstellung. Anschlie\u00dfend geht es an die Sanit\u00e4ranlagen im Inneren, wir sind gespannt.<\/p>\n<p>Jedenfalls wird das Ensemble Kirchplatz, Laden und Nebengeb\u00e4ude bereits jetzt schon von den Menschen gerne angenommen und es ist zu sp\u00fcren, dass sich die Achse von der Mehrzweckhalle \u00fcber den Spielplatz zum Kirchplatz zu einem nat\u00fcrlich gewachsenen \u201eDorfzentrum\u201c entwickelt. Best\u00e4tigt wird dies zum Bespiel mit dem Zuspruch der Menschen am Heiligen Abend nach dem Gottesdienst und in der Silvesternacht, wo die Nebengeb\u00e4ude sehr gelobt und gleichsam in Besitz genommen wurden.<\/p>\n<p>Die geplante Fertigstellung der Sanierung des Ladengeb\u00e4udes f\u00e4llt heuer (2018) mit einem anderen Ereignis zusammen, das f\u00fcr die Agenda-21-Gruppe Uengershausen alleine schon Grund zum Feiern ist: 5 Jahre Dorfladen. Das hei\u00dft 5 Jahre Arbeit und Engagement vieler Frauen und M\u00e4nner, die meist ehrenamtlich einen gro\u00dfen Beitrag zur d\u00f6rflichen Lebensqualit\u00e4t leisten. Die Planungen f\u00fcr ein Jubil\u00e4ums-Ladenfest gehen vom 20. und 21. Juli 2018 aus, genaueres wird baldm\u00f6glichst bekannt gegeben.<\/p>\n<p>Wir freuen uns, dass die Main-Post in ihrer Reihe &#8222;Zeichen setzen&#8220;, deren Thema das Ehrenamt ist, im Jahr 2017 den Uengersh\u00e4user Dorfladen in einem ausf\u00fchrlichen Artikel gew\u00fcrdigt hat. Den Artikel k\u00f6nnen Sie lesen unter folgendem Link: <a href=\"http:\/\/www.mainpost.de\/regional\/wuerzburg\/Ehrenamtliches-Engagement-Kondome-Uengershausen;art736,9373326\" target=\"_blank\" rel=\"noopener\">Main-Post<\/a>.<\/p>\n","protected":false},"excerpt":{"rendered":"<p>Willkommen im Dorfladen! Bitte beachten Sie: Wegen der knappen Personaldecke bleibt der Dorfladen Mittwoch Nachmittags geschlossen. Wichtige Ereignisse: Seit Herbst 2023 wird das Gem\u00fcseregal von Schraud &amp; Baunach, W\u00fcrzburg, beliefert Seit dem Fr\u00fchsommer 2022 beziehen wir feinste Fischprodukte (Forellen und &hellip; <a href=\"http:\/\/wp1189977.server-he.de\/wp\/?page_id=1363\">Weiterlesen <span class=\"meta-nav\">&rarr;<\/span><\/a><\/p>\n","protected":false},"author":1,"featured_media":0,"parent":0,"menu_order":0,"comment_status":"closed","ping_status":"closed","template":"","meta":[],"_links":{"self":[{"href":"http:\/\/wp1189977.server-he.de\/wp\/index.php?rest_route=\/wp\/v2\/pages\/1363"}],"collection":[{"href":"http:\/\/wp1189977.server-he.de\/wp\/index.php?rest_route=\/wp\/v2\/pages"}],"about":[{"href":"http:\/\/wp1189977.server-he.de\/wp\/index.php?rest_route=\/wp\/v2\/types\/page"}],"author":[{"embeddable":true,"href":"http:\/\/wp1189977.server-he.de\/wp\/index.php?rest_route=\/wp\/v2\/users\/1"}],"replies":[{"embeddable":true,"href":"http:\/\/wp1189977.server-he.de\/wp\/index.php?rest_route=%2Fwp%2Fv2%2Fcomments&post=1363"}],"version-history":[{"count":74,"href":"http:\/\/wp1189977.server-he.de\/wp\/index.php?rest_route=\/wp\/v2\/pages\/1363\/revisions"}],"predecessor-version":[{"id":4720,"href":"http:\/\/wp1189977.server-he.de\/wp\/index.php?rest_route=\/wp\/v2\/pages\/1363\/revisions\/4720"}],"wp:attachment":[{"href":"http:\/\/wp1189977.server-he.de\/wp\/index.php?rest_route=%2Fwp%2Fv2%2Fmedia&parent=1363"}],"curies":[{"name":"wp","href":"https:\/\/api.w.org\/{rel}","templated":true}]}}

<h1><span style="color: #008000;"><strong>Willkommen im Dorfladen!</strong></span></h1>
<p><strong>Bitte beachten Sie:</strong></p>
<p><span style="color: #ff0000;"><strong>Wegen der knappen Personaldecke bleibt der Dorfladen Mittwoch Nachmittags geschlossen.</strong></span></p>
<p><a href="http://wp1189977.server-he.de/wp/wp-content/uploads/2020/05/20200427_112235.jpg"><img decoding="async" loading="lazy" class="aligncenter size-medium wp-image-4061" src="http://wp1189977.server-he.de/wp/wp-content/uploads/2020/05/20200427_112235-300x225.jpg" alt="" width="300" height="225" srcset="http://wp1189977.server-he.de/wp/wp-content/uploads/2020/05/20200427_112235-300x225.jpg 300w, http://wp1189977.server-he.de/wp/wp-content/uploads/2020/05/20200427_112235-768x576.jpg 768w, http://wp1189977.server-he.de/wp/wp-content/uploads/2020/05/20200427_112235.jpg 1024w" sizes="(max-width: 300px) 100vw, 300px" /></a> <strong>Wichtige Ereignisse:</strong></p>
<p><strong>Seit Herbst 2023</strong> wird das Gemüseregal von <a href="https://schraud-und-baunach.de/#">Schraud &amp; Baunach</a>, Würzburg, beliefert</p>
<p><strong>Seit dem Frühsommer 2022</strong> beziehen wir feinste Fischprodukte (Forellen und Lachsforellen) von der <a href="http://www.hagenmuehle-willanzheim.de/">Hagenmühle aus Willanzheim</a></p>
<p><strong>Seit Frühjahr 2022</strong> liefert <a href="http://kaese-hammer.de/">Käse Hammer aus Randersacker</a> hochwertige Käsesorten für die neue Käsetheke</p>
<h2>Seit 1. Dezember 2016 liefert <a href="http://baecker-roth.de/" target="_blank" rel="noopener">Bäcker Roth aus Heidingsfeld </a>die Backwaren</h2>
<h2></h2>
<p>Alle unsere Lieferanten nehmen für sich als ein wichtiges Qualitätsmerkmal die Regionalität in Anspruch. Bitte lesen Sie auch die sehr interessanten Informationen auf den Seiten der oben genannten Firmen. Sie werden staunen.</p>
<p><strong>Unten unser Gemüseregal</strong></p>
<p><a href="http://wp1189977.server-he.de/wp/wp-content/uploads/2013/03/P6141770.jpg"><img decoding="async" loading="lazy" class="alignleft size-medium wp-image-1843" title="OLYMPUS DIGITAL CAMERA" src="http://wp1189977.server-he.de/wp/wp-content/uploads/2013/03/P6141770-300x169.jpg" alt="" width="300" height="169" srcset="http://wp1189977.server-he.de/wp/wp-content/uploads/2013/03/P6141770-300x169.jpg 300w, http://wp1189977.server-he.de/wp/wp-content/uploads/2013/03/P6141770-1024x577.jpg 1024w" sizes="(max-width: 300px) 100vw, 300px" /></a></p>
<p><strong>Unsere gemütliche Kaffee-Ecke, längst ein Treffpunkt im Dorf!</strong></p>
<p><a href="http://wp1189977.server-he.de/wp/wp-content/uploads/2013/03/P3121520.jpg"><img decoding="async" loading="lazy" class="alignleft size-medium wp-image-1518" title="OLYMPUS DIGITAL CAMERA" src="http://wp1189977.server-he.de/wp/wp-content/uploads/2013/03/P3121520-300x169.jpg" alt="" width="300" height="169" srcset="http://wp1189977.server-he.de/wp/wp-content/uploads/2013/03/P3121520-300x169.jpg 300w, http://wp1189977.server-he.de/wp/wp-content/uploads/2013/03/P3121520-1024x577.jpg 1024w" sizes="(max-width: 300px) 100vw, 300px" /></a></p>
<p>Auf dieser Seite werden Sie mit aktuellen Infos wie Produkt-Neuzugänge, Sonderangebote u. ä. versorgt. Wenn Sie Wünsche/Anregungen haben, z. B. welche Produkte Sie gerne hätten oder was wir verbessern könnten, können Sie uns auch per email erreichen: mail@dorfladen-uengershausen.de                     Telefon: 09366 9828565</p>
<p><strong>Hier unsere aktuellen Ladenöffnungszeiten:</strong></p>
<p>Montag bis Freitag 7 Uhr bis 12 Uhr 30</p>
<p>Dienstag, Donnerstag und Freitag 15 Uhr bis 18 Uhr</p>
<p>Samstag 7 Uhr bis 12 Uhr</p>
<p><strong>Heiße Theke:</strong></p>
<p>Dienstag, ab 11 Uhr Bratenbrötchen</p>
<p>Mittwoch, ab 9 Uhr Leberkäsweck (LKW)</p>
<p><a href="http://wp1189977.server-he.de/wp/?page_id=1407" target="_blank" rel="noopener">Zum Nachlesen der Entstehungsgeschichte des Dorfladens bitte hier anklicken</a></p>
<p><strong>20. und 21. Juli 2018: 5 Jahre Dorfladen Uengershausen</strong></p>
<p><a href="http://wp1189977.server-he.de/wp/?page_id=69&amp;file=5_Jahre_Dorfladen/" target="_blank" rel="noopener">Bilder der Feierlichkeiten</a></p>
<p><strong>Februar 2018:</strong> Die Baumaßnahme zur Sanierung des Dorfladengebäudes nähert sich im Außenbereich der erfolgreichen Fertigstellung. Anschließend geht es an die Sanitäranlagen im Inneren, wir sind gespannt.</p>
<p>Jedenfalls wird das Ensemble Kirchplatz, Laden und Nebengebäude bereits jetzt schon von den Menschen gerne angenommen und es ist zu spüren, dass sich die Achse von der Mehrzweckhalle über den Spielplatz zum Kirchplatz zu einem natürlich gewachsenen „Dorfzentrum“ entwickelt. Bestätigt wird dies zum Bespiel mit dem Zuspruch der Menschen am Heiligen Abend nach dem Gottesdienst und in der Silvesternacht, wo die Nebengebäude sehr gelobt und gleichsam in Besitz genommen wurden.</p>
<p>Die geplante Fertigstellung der Sanierung des Ladengebäudes fällt heuer (2018) mit einem anderen Ereignis zusammen, das für die Agenda-21-Gruppe Uengershausen alleine schon Grund zum Feiern ist: 5 Jahre Dorfladen. Das heißt 5 Jahre Arbeit und Engagement vieler Frauen und Männer, die meist ehrenamtlich einen großen Beitrag zur dörflichen Lebensqualität leisten. Die Planungen für ein Jubiläums-Ladenfest gehen vom 20. und 21. Juli 2018 aus, genaueres wird baldmöglichst bekannt gegeben.</p>
<p>Wir freuen uns, dass die Main-Post in ihrer Reihe &#8222;Zeichen setzen&#8220;, deren Thema das Ehrenamt ist, im Jahr 2017 den Uengershäuser Dorfladen in einem ausführlichen Artikel gewürdigt hat. Den Artikel können Sie lesen unter folgendem Link: <a href="http://www.mainpost.de/regional/wuerzburg/Ehrenamtliches-Engagement-Kondome-Uengershausen;art736,9373326" target="_blank" rel="noopener">Main-Post</a>.</p>

<p>Willkommen im Dorfladen! Bitte beachten Sie: Wegen der knappen Personaldecke bleibt der Dorfladen Mittwoch Nachmittags geschlossen. Wichtige Ereignisse: Seit Herbst 2023 wird das Gemüseregal von Schraud &amp; Baunach, Würzburg, beliefert Seit dem Frühsommer 2022 beziehen wir feinste Fischprodukte (Forellen und &hellip; <a href="http://wp1189977.server-he.de/wp/?page_id=1363">Weiterlesen <span class="meta-nav">&rarr;</span></a></p>
