{"id":130,"date":"2010-04-19T11:16:32","date_gmt":"2010-04-19T08:16:32","guid":{"rendered":"http:\/\/wp1189977.wp214.webpack.hosteurope.de\/wp\/?page_id=130"},"modified":"2018-01-04T16:31:51","modified_gmt":"2018-01-04T13:31:51","slug":"mannergesangverein","status":"publish","type":"page","link":"http:\/\/wp1189977.server-he.de\/wp\/?page_id=130","title":{"rendered":"M\u00e4nnergesangverein"},"content":{"rendered":"<h2><strong>M\u00e4nnergesangverein Uengershausen<\/strong><\/h2>\n<p>Auch 2017 hatten wir wieder einige Auftritte; aus ernsten, traurigen aber auch aus fr\u00f6hlichen Anl\u00e4ssen. Nachfolgend Bilder vom 125-j\u00e4hrigen Jubil\u00e4um des Rassegefl\u00fcgelzuchtvereins Heidingsfeld am 14. Oktober.<\/p>\n<p><a href=\"http:\/\/wp1189977.server-he.de\/wp\/wp-content\/uploads\/2010\/04\/IMAG05511.jpg\"><img decoding=\"async\" loading=\"lazy\" class=\"aligncenter size-medium wp-image-3533\" title=\"IMAG0551\" src=\"http:\/\/wp1189977.server-he.de\/wp\/wp-content\/uploads\/2010\/04\/IMAG05511-179x300.jpg\" alt=\"\" width=\"179\" height=\"300\" srcset=\"http:\/\/wp1189977.server-he.de\/wp\/wp-content\/uploads\/2010\/04\/IMAG05511-179x300.jpg 179w, http:\/\/wp1189977.server-he.de\/wp\/wp-content\/uploads\/2010\/04\/IMAG05511-613x1024.jpg 613w, http:\/\/wp1189977.server-he.de\/wp\/wp-content\/uploads\/2010\/04\/IMAG05511.jpg 1552w\" sizes=\"(max-width: 179px) 100vw, 179px\" \/><\/a><\/p>\n<p><a href=\"http:\/\/wp1189977.server-he.de\/wp\/wp-content\/uploads\/2010\/04\/IMAG05521.jpg\"><img decoding=\"async\" loading=\"lazy\" class=\"aligncenter size-medium wp-image-3534\" title=\"IMAG0552\" src=\"http:\/\/wp1189977.server-he.de\/wp\/wp-content\/uploads\/2010\/04\/IMAG05521-179x300.jpg\" alt=\"\" width=\"179\" height=\"300\" srcset=\"http:\/\/wp1189977.server-he.de\/wp\/wp-content\/uploads\/2010\/04\/IMAG05521-179x300.jpg 179w, http:\/\/wp1189977.server-he.de\/wp\/wp-content\/uploads\/2010\/04\/IMAG05521-613x1024.jpg 613w, http:\/\/wp1189977.server-he.de\/wp\/wp-content\/uploads\/2010\/04\/IMAG05521.jpg 1552w\" sizes=\"(max-width: 179px) 100vw, 179px\" \/><\/a><\/p>\n<p><a href=\"http:\/\/wp1189977.server-he.de\/wp\/wp-content\/uploads\/2010\/04\/IMAG05531.jpg\"><img decoding=\"async\" loading=\"lazy\" class=\"aligncenter size-medium wp-image-3535\" title=\"IMAG0553\" src=\"http:\/\/wp1189977.server-he.de\/wp\/wp-content\/uploads\/2010\/04\/IMAG05531-300x179.jpg\" alt=\"\" width=\"300\" height=\"179\" srcset=\"http:\/\/wp1189977.server-he.de\/wp\/wp-content\/uploads\/2010\/04\/IMAG05531-300x179.jpg 300w, http:\/\/wp1189977.server-he.de\/wp\/wp-content\/uploads\/2010\/04\/IMAG05531-1024x613.jpg 1024w\" sizes=\"(max-width: 300px) 100vw, 300px\" \/><\/a><\/p>\n<p>&nbsp;<\/p>\n<p><a href=\"http:\/\/wp1189977.server-he.de\/wp\/?page_id=69&amp;file=Federweiisen_MGV_2016\/ \" target=\"_blank\"><strong>24. September 2016, 19 Uhr 30:<\/strong> Federweissen-Abend des MGV in der Wirtschaft der MZH<\/a><\/p>\n<p>Der M\u00e4nnergesangverein Uengershausen lud alle Einwohner\u00a0 des Marktes Reichenberg zu seinem Federwei\u00dfenabend am\u00a0\u00a0 Samstag\u00a0 24. September 2016 in die Wirtschaft der Mehrzweckhalle\u00a0 Uengershausen ein. Zu Gast war der gemischte Chor aus Lindflur.<\/p>\n<p>Vorstand Harald Zimmermann begr\u00fc\u00dfte den Gastchor, die anwesenden Gemeinder\u00e4te Bernd Schoch und Sigrid Kranz sowie Pfarrer Matthias Pentzel und auch den MGV unter der Leitung von Willi Schober.<\/p>\n<p>Der MGV Uengershausen und die Lindflurer brachten in lockerer Folge ihre Sanges-Darbietungen. Das Publikum bedankte sich mit herzlichem Applaus und genoss den s\u00fcffigen Bremser zu Zwiebelkuchen und K\u00e4se- oder Mettstangen an liebevoll dekorierten Tischen.<\/p>\n<p>Es war ein sehr sch\u00f6ner, harmonischer, gelungener Abend. Danke an die G\u00e4ste und an die Familie Zimmermann f\u00fcr die Organisation.<\/p>\n<p>J\u00fcrgen Kranz<\/p>\n<p>&nbsp;<\/p>\n<p><strong>Juni 2016<\/strong>: Ausflug des MGV mit dem Oldtimer-Bus ins Weinparadies Franken nach Bullenheim<a title=\"Ausflug ins Weinparadies\" href=\"http:\/\/wp1189977.server-he.de\/wp\/?page_id=69&amp;file=Ausflug_MGV_2016\/ \" target=\"_blank\"> (f\u00fcr ein paar Bilder hier klicken)<\/a><\/p>\n<p><strong>Totgesagte leben l\u00e4nger!<\/strong><\/p>\n<p>Mit Vorstand Harald Zimmermann und Chorleiter Willi Schober ist eine engagierte Truppe jeden Dienstag um halb Acht zur Singstunde anwesend. Zahlreiche Auftritte in den vergangenen Monaten haben gezeigt, wie viel Freude das Singen\u00a0 traditioneller deutscher Chormusik bereiten kann.<\/p>\n<p><a href=\"http:\/\/wp1189977.server-he.de\/wp\/wp-content\/uploads\/2010\/04\/P5143011.jpg\"><img decoding=\"async\" loading=\"lazy\" class=\"aligncenter size-medium wp-image-2725\" title=\"OLYMPUS DIGITAL CAMERA\" src=\"http:\/\/wp1189977.server-he.de\/wp\/wp-content\/uploads\/2010\/04\/P5143011-300x169.jpg\" alt=\"\" width=\"300\" height=\"169\" srcset=\"http:\/\/wp1189977.server-he.de\/wp\/wp-content\/uploads\/2010\/04\/P5143011-300x169.jpg 300w, http:\/\/wp1189977.server-he.de\/wp\/wp-content\/uploads\/2010\/04\/P5143011-1024x577.jpg 1024w\" sizes=\"(max-width: 300px) 100vw, 300px\" \/><\/a><\/p>\n<p>Im Bild der Chor nach dem musikalischen Geburtstagsgru\u00df an das Mitglied Helmut W\u00fcst im Mai 2016<\/p>\n","protected":false},"excerpt":{"rendered":"<p>M\u00e4nnergesangverein Uengershausen Auch 2017 hatten wir wieder einige Auftritte; aus ernsten, traurigen aber auch aus fr\u00f6hlichen Anl\u00e4ssen. Nachfolgend Bilder vom 125-j\u00e4hrigen Jubil\u00e4um des Rassegefl\u00fcgelzuchtvereins Heidingsfeld am 14. Oktober. &nbsp; 24. September 2016, 19 Uhr 30: Federweissen-Abend des MGV in der &hellip; <a href=\"http:\/\/wp1189977.server-he.de\/wp\/?page_id=130\">Weiterlesen <span class=\"meta-nav\">&rarr;<\/span><\/a><\/p>\n","protected":false},"author":6,"featured_media":0,"parent":0,"menu_order":6,"comment_status":"closed","ping_status":"closed","template":"","meta":[],"_links":{"self":[{"href":"http:\/\/wp1189977.server-he.de\/wp\/index.php?rest_route=\/wp\/v2\/pages\/130"}],"collection":[{"href":"http:\/\/wp1189977.server-he.de\/wp\/index.php?rest_route=\/wp\/v2\/pages"}],"about":[{"href":"http:\/\/wp1189977.server-he.de\/wp\/index.php?rest_route=\/wp\/v2\/types\/page"}],"author":[{"embeddable":true,"href":"http:\/\/wp1189977.server-he.de\/wp\/index.php?rest_route=\/wp\/v2\/users\/6"}],"replies":[{"embeddable":true,"href":"http:\/\/wp1189977.server-he.de\/wp\/index.php?rest_route=%2Fwp%2Fv2%2Fcomments&post=130"}],"version-history":[{"count":17,"href":"http:\/\/wp1189977.server-he.de\/wp\/index.php?rest_route=\/wp\/v2\/pages\/130\/revisions"}],"predecessor-version":[{"id":132,"href":"http:\/\/wp1189977.server-he.de\/wp\/index.php?rest_route=\/wp\/v2\/pages\/130\/revisions\/132"}],"wp:attachment":[{"href":"http:\/\/wp1189977.server-he.de\/wp\/index.php?rest_route=%2Fwp%2Fv2%2Fmedia&parent=130"}],"curies":[{"name":"wp","href":"https:\/\/api.w.org\/{rel}","templated":true}]}}

Männergesangverein

<h2><strong>Männergesangverein Uengershausen</strong></h2>
<p>Auch 2017 hatten wir wieder einige Auftritte; aus ernsten, traurigen aber auch aus fröhlichen Anlässen. Nachfolgend Bilder vom 125-jährigen Jubiläum des Rassegeflügelzuchtvereins Heidingsfeld am 14. Oktober.</p>
<p><a href="http://wp1189977.server-he.de/wp/wp-content/uploads/2010/04/IMAG05511.jpg"><img decoding="async" loading="lazy" class="aligncenter size-medium wp-image-3533" title="IMAG0551" src="http://wp1189977.server-he.de/wp/wp-content/uploads/2010/04/IMAG05511-179x300.jpg" alt="" width="179" height="300" srcset="http://wp1189977.server-he.de/wp/wp-content/uploads/2010/04/IMAG05511-179x300.jpg 179w, http://wp1189977.server-he.de/wp/wp-content/uploads/2010/04/IMAG05511-613x1024.jpg 613w, http://wp1189977.server-he.de/wp/wp-content/uploads/2010/04/IMAG05511.jpg 1552w" sizes="(max-width: 179px) 100vw, 179px" /></a></p>
<p><a href="http://wp1189977.server-he.de/wp/wp-content/uploads/2010/04/IMAG05521.jpg"><img decoding="async" loading="lazy" class="aligncenter size-medium wp-image-3534" title="IMAG0552" src="http://wp1189977.server-he.de/wp/wp-content/uploads/2010/04/IMAG05521-179x300.jpg" alt="" width="179" height="300" srcset="http://wp1189977.server-he.de/wp/wp-content/uploads/2010/04/IMAG05521-179x300.jpg 179w, http://wp1189977.server-he.de/wp/wp-content/uploads/2010/04/IMAG05521-613x1024.jpg 613w, http://wp1189977.server-he.de/wp/wp-content/uploads/2010/04/IMAG05521.jpg 1552w" sizes="(max-width: 179px) 100vw, 179px" /></a></p>
<p><a href="http://wp1189977.server-he.de/wp/wp-content/uploads/2010/04/IMAG05531.jpg"><img decoding="async" loading="lazy" class="aligncenter size-medium wp-image-3535" title="IMAG0553" src="http://wp1189977.server-he.de/wp/wp-content/uploads/2010/04/IMAG05531-300x179.jpg" alt="" width="300" height="179" srcset="http://wp1189977.server-he.de/wp/wp-content/uploads/2010/04/IMAG05531-300x179.jpg 300w, http://wp1189977.server-he.de/wp/wp-content/uploads/2010/04/IMAG05531-1024x613.jpg 1024w" sizes="(max-width: 300px) 100vw, 300px" /></a></p>
<p>&nbsp;</p>
<p><a href="http://wp1189977.server-he.de/wp/?page_id=69&amp;file=Federweiisen_MGV_2016/ " target="_blank"><strong>24. September 2016, 19 Uhr 30:</strong> Federweissen-Abend des MGV in der Wirtschaft der MZH</a></p>
<p>Der Männergesangverein Uengershausen lud alle Einwohner  des Marktes Reichenberg zu seinem Federweißenabend am   Samstag  24. September 2016 in die Wirtschaft der Mehrzweckhalle  Uengershausen ein. Zu Gast war der gemischte Chor aus Lindflur.</p>
<p>Vorstand Harald Zimmermann begrüßte den Gastchor, die anwesenden Gemeinderäte Bernd Schoch und Sigrid Kranz sowie Pfarrer Matthias Pentzel und auch den MGV unter der Leitung von Willi Schober.</p>
<p>Der MGV Uengershausen und die Lindflurer brachten in lockerer Folge ihre Sanges-Darbietungen. Das Publikum bedankte sich mit herzlichem Applaus und genoss den süffigen Bremser zu Zwiebelkuchen und Käse- oder Mettstangen an liebevoll dekorierten Tischen.</p>
<p>Es war ein sehr schöner, harmonischer, gelungener Abend. Danke an die Gäste und an die Familie Zimmermann für die Organisation.</p>
<p>Jürgen Kranz</p>
<p>&nbsp;</p>
<p><strong>Juni 2016</strong>: Ausflug des MGV mit dem Oldtimer-Bus ins Weinparadies Franken nach Bullenheim<a title="Ausflug ins Weinparadies" href="http://wp1189977.server-he.de/wp/?page_id=69&amp;file=Ausflug_MGV_2016/ " target="_blank"> (für ein paar Bilder hier klicken)</a></p>
<p><strong>Totgesagte leben länger!</strong></p>
<p>Mit Vorstand Harald Zimmermann und Chorleiter Willi Schober ist eine engagierte Truppe jeden Dienstag um halb Acht zur Singstunde anwesend. Zahlreiche Auftritte in den vergangenen Monaten haben gezeigt, wie viel Freude das Singen  traditioneller deutscher Chormusik bereiten kann.</p>
<p><a href="http://wp1189977.server-he.de/wp/wp-content/uploads/2010/04/P5143011.jpg"><img decoding="async" loading="lazy" class="aligncenter size-medium wp-image-2725" title="OLYMPUS DIGITAL CAMERA" src="http://wp1189977.server-he.de/wp/wp-content/uploads/2010/04/P5143011-300x169.jpg" alt="" width="300" height="169" srcset="http://wp1189977.server-he.de/wp/wp-content/uploads/2010/04/P5143011-300x169.jpg 300w, http://wp1189977.server-he.de/wp/wp-content/uploads/2010/04/P5143011-1024x577.jpg 1024w" sizes="(max-width: 300px) 100vw, 300px" /></a></p>
<p>Im Bild der Chor nach dem musikalischen Geburtstagsgruß an das Mitglied Helmut Wüst im Mai 2016</p>

<p>Männergesangverein Uengershausen Auch 2017 hatten wir wieder einige Auftritte; aus ernsten, traurigen aber auch aus fröhlichen Anlässen. Nachfolgend Bilder vom 125-jährigen Jubiläum des Rassegeflügelzuchtvereins Heidingsfeld am 14. Oktober. &nbsp; 24. September 2016, 19 Uhr 30: Federweissen-Abend des MGV in der &hellip; <a href="http://wp1189977.server-he.de/wp/?page_id=130">Weiterlesen <span class="meta-nav">&rarr;</span></a></p>
