{"id":1033,"date":"2011-08-22T13:30:24","date_gmt":"2011-08-22T10:30:24","guid":{"rendered":"http:\/\/wp1189977.wp214.webpack.hosteurope.de\/wp\/?page_id=1033"},"modified":"2018-01-04T16:50:01","modified_gmt":"2018-01-04T13:50:01","slug":"organisation","status":"publish","type":"page","link":"http:\/\/wp1189977.server-he.de\/wp\/?page_id=1033","title":{"rendered":"Organisation"},"content":{"rendered":"<p align=\"center\"><strong><span style=\"color: #000000;\"><span style=\"font-family: Times New Roman;\">Organisation der Dorf- und Flurentwicklung Uengershausen<\/span><\/span><\/strong><\/p>\n<p><a href=\"http:\/\/wp1189977.wp214.webpack.hosteurope.de\/wp\/wp-content\/uploads\/2011\/08\/org1.jpg\"><img decoding=\"async\" loading=\"lazy\" class=\"alignleft size-full wp-image-1044\" title=\"org\" src=\"http:\/\/wp1189977.wp214.webpack.hosteurope.de\/wp\/wp-content\/uploads\/2011\/08\/org1.jpg\" alt=\"\" width=\"960\" height=\"720\" srcset=\"http:\/\/wp1189977.server-he.de\/wp\/wp-content\/uploads\/2011\/08\/org1.jpg 960w, http:\/\/wp1189977.server-he.de\/wp\/wp-content\/uploads\/2011\/08\/org1-300x225.jpg 300w\" sizes=\"(max-width: 960px) 100vw, 960px\" \/><\/a><\/p>\n<p><strong>Dorfentwicklungsteam<\/strong>:<\/p>\n<p>Hubert Engelhardt, Elke H\u00fcgelsch\u00e4ffer, Horst H\u00fcgelsch\u00e4ffer (Leiter AK Dorfleben) , Sigrid Kranz (Leiterin AK Wirtschaft und Umwelt), Michael Kestler, Horst Kohmann , J\u00fcrgen Kranz (Leiter AK Dorfbild),BarbaraKupferschl\u00e4ger, Hanskarl Landeck,Theodor Laugsch(Agendabeauftragter), Dr. Rosemarie Leclerq , Heike Lober, Kurt Manske, Anita Neuendorf, Grudrun Reinhard, Elisabeth Schober, Wolfgang Schnabel,Judith Tewes<\/p>\n<p>Gestaltung\/Werbung:Judith Tewes<\/p>\n<p>Internetauftritt: J\u00fcrgen Kranz<\/p>\n","protected":false},"excerpt":{"rendered":"<p>Organisation der Dorf- und Flurentwicklung Uengershausen Dorfentwicklungsteam: Hubert Engelhardt, Elke H\u00fcgelsch\u00e4ffer, Horst H\u00fcgelsch\u00e4ffer (Leiter AK Dorfleben) , Sigrid Kranz (Leiterin AK Wirtschaft und Umwelt), Michael Kestler, Horst Kohmann , J\u00fcrgen Kranz (Leiter AK Dorfbild),BarbaraKupferschl\u00e4ger, Hanskarl Landeck,Theodor Laugsch(Agendabeauftragter), Dr. Rosemarie Leclerq &hellip; <a href=\"http:\/\/wp1189977.server-he.de\/wp\/?page_id=1033\">Weiterlesen <span class=\"meta-nav\">&rarr;<\/span><\/a><\/p>\n","protected":false},"author":1,"featured_media":0,"parent":2,"menu_order":0,"comment_status":"closed","ping_status":"closed","template":"","meta":[],"_links":{"self":[{"href":"http:\/\/wp1189977.server-he.de\/wp\/index.php?rest_route=\/wp\/v2\/pages\/1033"}],"collection":[{"href":"http:\/\/wp1189977.server-he.de\/wp\/index.php?rest_route=\/wp\/v2\/pages"}],"about":[{"href":"http:\/\/wp1189977.server-he.de\/wp\/index.php?rest_route=\/wp\/v2\/types\/page"}],"author":[{"embeddable":true,"href":"http:\/\/wp1189977.server-he.de\/wp\/index.php?rest_route=\/wp\/v2\/users\/1"}],"replies":[{"embeddable":true,"href":"http:\/\/wp1189977.server-he.de\/wp\/index.php?rest_route=%2Fwp%2Fv2%2Fcomments&post=1033"}],"version-history":[{"count":5,"href":"http:\/\/wp1189977.server-he.de\/wp\/index.php?rest_route=\/wp\/v2\/pages\/1033\/revisions"}],"predecessor-version":[{"id":1036,"href":"http:\/\/wp1189977.server-he.de\/wp\/index.php?rest_route=\/wp\/v2\/pages\/1033\/revisions\/1036"}],"up":[{"embeddable":true,"href":"http:\/\/wp1189977.server-he.de\/wp\/index.php?rest_route=\/wp\/v2\/pages\/2"}],"wp:attachment":[{"href":"http:\/\/wp1189977.server-he.de\/wp\/index.php?rest_route=%2Fwp%2Fv2%2Fmedia&parent=1033"}],"curies":[{"name":"wp","href":"https:\/\/api.w.org\/{rel}","templated":true}]}}

<p align="center"><strong><span style="color: #000000;"><span style="font-family: Times New Roman;">Organisation der Dorf- und Flurentwicklung Uengershausen</span></span></strong></p>
<p><a href="http://wp1189977.wp214.webpack.hosteurope.de/wp/wp-content/uploads/2011/08/org1.jpg"><img decoding="async" loading="lazy" class="alignleft size-full wp-image-1044" title="org" src="http://wp1189977.wp214.webpack.hosteurope.de/wp/wp-content/uploads/2011/08/org1.jpg" alt="" width="960" height="720" srcset="http://wp1189977.server-he.de/wp/wp-content/uploads/2011/08/org1.jpg 960w, http://wp1189977.server-he.de/wp/wp-content/uploads/2011/08/org1-300x225.jpg 300w" sizes="(max-width: 960px) 100vw, 960px" /></a></p>
<p><strong>Dorfentwicklungsteam</strong>:</p>
<p>Hubert Engelhardt, Elke Hügelschäffer, Horst Hügelschäffer (Leiter AK Dorfleben) , Sigrid Kranz (Leiterin AK Wirtschaft und Umwelt), Michael Kestler, Horst Kohmann , Jürgen Kranz (Leiter AK Dorfbild),BarbaraKupferschläger, Hanskarl Landeck,Theodor Laugsch(Agendabeauftragter), Dr. Rosemarie Leclerq , Heike Lober, Kurt Manske, Anita Neuendorf, Grudrun Reinhard, Elisabeth Schober, Wolfgang Schnabel,Judith Tewes</p>
<p>Gestaltung/Werbung:Judith Tewes</p>
<p>Internetauftritt: Jürgen Kranz</p>

<p>Organisation der Dorf- und Flurentwicklung Uengershausen Dorfentwicklungsteam: Hubert Engelhardt, Elke Hügelschäffer, Horst Hügelschäffer (Leiter AK Dorfleben) , Sigrid Kranz (Leiterin AK Wirtschaft und Umwelt), Michael Kestler, Horst Kohmann , Jürgen Kranz (Leiter AK Dorfbild),BarbaraKupferschläger, Hanskarl Landeck,Theodor Laugsch(Agendabeauftragter), Dr. Rosemarie Leclerq &hellip; <a href="http://wp1189977.server-he.de/wp/?page_id=1033">Weiterlesen <span class="meta-nav">&rarr;</span></a></p>
