{"id":1014,"date":"2011-08-05T15:14:24","date_gmt":"2011-08-05T12:14:24","guid":{"rendered":"http:\/\/wp1189977.wp214.webpack.hosteurope.de\/wp\/?page_id=1014"},"modified":"2012-02-12T21:49:46","modified_gmt":"2012-02-12T18:49:46","slug":"dorffest-2011","status":"publish","type":"page","link":"http:\/\/wp1189977.server-he.de\/wp\/?page_id=1014","title":{"rendered":"Dorffest 2011"},"content":{"rendered":"<p><strong><span style=\"font-family: Arial,sans-serif;\">Liebe Besucherin, lieber Besucher,<\/span><\/strong><\/p>\n<p align=\"justify\"><span style=\"font-family: Arial,sans-serif;\">wir hofften und w\u00fcnschten Ihnen sehr, dass Sie den Aufenthalt in Uengershausen unterhaltsam und anregend erleben w\u00fcrden! <\/span><\/p>\n<p align=\"justify\">Worauf wir aber auch gehofft hatten, das war ein einigermassen passendes Wetter. Leider aber hatten wir uns in einer wochenlangen Periode der Trockenheit, die auch nach diesem Sonntag noch weiter ging, den einzigen Regentag herausgesucht. Bis zur Mittagszeit go\u00df es wie aus K\u00fcbeln und es war ungem\u00fctlich kalt.<\/p>\n<p align=\"justify\">Trotzdem kamen nach und nach die Neugierigen und hart gesottenen. Der gro\u00dfe Andrang, wie wir ihn aber 2007 erlebt hatten blieb unter den schlechten Wetterbedingungen aus. Das war f\u00fcr alle, die sich flei\u00dfig vorbereitet hatten, sehr schade.<\/p>\n<p align=\"justify\">Trotzdem m\u00f6chten wir allen Beteiligten nochmals unseren Dank aussprechen:<\/p>\n<p align=\"justify\">\u00a0<span style=\"font-family: Arial,sans-serif;\">Es gilt unser Dank den ehrenamtlichen Mitwirkenden, Helfern, Ausstellern! Ebenso den Inserenten und Sponsoren! Wir danken der Marktgemeinde Reichenberg, dass das Dorffest unter ihrer Tr\u00e4gerschaft durchgef\u00fchrt werden kann, insbesondere dem 1. B\u00fcrgermeister Karl H\u00fcgelsch\u00e4ffer, der 2. B\u00fcrgermeisterin Judith Tewes, dem Gemeinderat und den Mitarbeitern in der Gemeindeverwaltung f\u00fcr ihre Unterst\u00fctzung in vielf\u00e4ltigster Weise!<\/span><\/p>\n<p align=\"justify\"><span style=\"font-family: Arial,sans-serif;\">Bei Ihnen bedanken wir uns ausdr\u00fccklich f\u00fcr Ihr Interesse und Ihren Besuch!<\/span><\/p>\n<p><span style=\"font-family: Arial,sans-serif;\">Die Idee des Dorffestes ist in der kommunalen Agenda21 entstanden \u2013 eine B\u00fcrgerbeteiligung zur Gestaltung unseres Ortsteils im 21. Jahrhundert.<\/span><\/p>\n<p><em><span style=\"font-family: Arial,sans-serif;\">Die Aktiven der Dorf- und Flurentwicklung Uengershausen<\/span><\/em><\/p>\n<p>&nbsp;<\/p>\n<p>\u201e<span style=\"font-family: Arial,sans-serif;\"><strong>Uengershausen bewegen \u2013 gemeinsam gut leben!\u201c<\/strong><\/span><\/p>\n","protected":false},"excerpt":{"rendered":"<p>Liebe Besucherin, lieber Besucher, wir hofften und w\u00fcnschten Ihnen sehr, dass Sie den Aufenthalt in Uengershausen unterhaltsam und anregend erleben w\u00fcrden! Worauf wir aber auch gehofft hatten, das war ein einigermassen passendes Wetter. Leider aber hatten wir uns in einer &hellip; <a href=\"http:\/\/wp1189977.server-he.de\/wp\/?page_id=1014\">Weiterlesen <span class=\"meta-nav\">&rarr;<\/span><\/a><\/p>\n","protected":false},"author":1,"featured_media":0,"parent":2,"menu_order":0,"comment_status":"closed","ping_status":"closed","template":"","meta":[],"_links":{"self":[{"href":"http:\/\/wp1189977.server-he.de\/wp\/index.php?rest_route=\/wp\/v2\/pages\/1014"}],"collection":[{"href":"http:\/\/wp1189977.server-he.de\/wp\/index.php?rest_route=\/wp\/v2\/pages"}],"about":[{"href":"http:\/\/wp1189977.server-he.de\/wp\/index.php?rest_route=\/wp\/v2\/types\/page"}],"author":[{"embeddable":true,"href":"http:\/\/wp1189977.server-he.de\/wp\/index.php?rest_route=\/wp\/v2\/users\/1"}],"replies":[{"embeddable":true,"href":"http:\/\/wp1189977.server-he.de\/wp\/index.php?rest_route=%2Fwp%2Fv2%2Fcomments&post=1014"}],"version-history":[{"count":6,"href":"http:\/\/wp1189977.server-he.de\/wp\/index.php?rest_route=\/wp\/v2\/pages\/1014\/revisions"}],"predecessor-version":[{"id":1051,"href":"http:\/\/wp1189977.server-he.de\/wp\/index.php?rest_route=\/wp\/v2\/pages\/1014\/revisions\/1051"}],"up":[{"embeddable":true,"href":"http:\/\/wp1189977.server-he.de\/wp\/index.php?rest_route=\/wp\/v2\/pages\/2"}],"wp:attachment":[{"href":"http:\/\/wp1189977.server-he.de\/wp\/index.php?rest_route=%2Fwp%2Fv2%2Fmedia&parent=1014"}],"curies":[{"name":"wp","href":"https:\/\/api.w.org\/{rel}","templated":true}]}}

<p><strong><span style="font-family: Arial,sans-serif;">Liebe Besucherin, lieber Besucher,</span></strong></p>
<p align="justify"><span style="font-family: Arial,sans-serif;">wir hofften und wünschten Ihnen sehr, dass Sie den Aufenthalt in Uengershausen unterhaltsam und anregend erleben würden! </span></p>
<p align="justify">Worauf wir aber auch gehofft hatten, das war ein einigermassen passendes Wetter. Leider aber hatten wir uns in einer wochenlangen Periode der Trockenheit, die auch nach diesem Sonntag noch weiter ging, den einzigen Regentag herausgesucht. Bis zur Mittagszeit goß es wie aus Kübeln und es war ungemütlich kalt.</p>
<p align="justify">Trotzdem kamen nach und nach die Neugierigen und hart gesottenen. Der große Andrang, wie wir ihn aber 2007 erlebt hatten blieb unter den schlechten Wetterbedingungen aus. Das war für alle, die sich fleißig vorbereitet hatten, sehr schade.</p>
<p align="justify">Trotzdem möchten wir allen Beteiligten nochmals unseren Dank aussprechen:</p>
<p align="justify"> <span style="font-family: Arial,sans-serif;">Es gilt unser Dank den ehrenamtlichen Mitwirkenden, Helfern, Ausstellern! Ebenso den Inserenten und Sponsoren! Wir danken der Marktgemeinde Reichenberg, dass das Dorffest unter ihrer Trägerschaft durchgeführt werden kann, insbesondere dem 1. Bürgermeister Karl Hügelschäffer, der 2. Bürgermeisterin Judith Tewes, dem Gemeinderat und den Mitarbeitern in der Gemeindeverwaltung für ihre Unterstützung in vielfältigster Weise!</span></p>
<p align="justify"><span style="font-family: Arial,sans-serif;">Bei Ihnen bedanken wir uns ausdrücklich für Ihr Interesse und Ihren Besuch!</span></p>
<p><span style="font-family: Arial,sans-serif;">Die Idee des Dorffestes ist in der kommunalen Agenda21 entstanden – eine Bürgerbeteiligung zur Gestaltung unseres Ortsteils im 21. Jahrhundert.</span></p>
<p><em><span style="font-family: Arial,sans-serif;">Die Aktiven der Dorf- und Flurentwicklung Uengershausen</span></em></p>
<p>&nbsp;</p>
<p>„<span style="font-family: Arial,sans-serif;"><strong>Uengershausen bewegen – gemeinsam gut leben!“</strong></span></p>

<p>Liebe Besucherin, lieber Besucher, wir hofften und wünschten Ihnen sehr, dass Sie den Aufenthalt in Uengershausen unterhaltsam und anregend erleben würden! Worauf wir aber auch gehofft hatten, das war ein einigermassen passendes Wetter. Leider aber hatten wir uns in einer &hellip; <a href="http://wp1189977.server-he.de/wp/?page_id=1014">Weiterlesen <span class="meta-nav">&rarr;</span></a></p>
